) = x**3 + 3*x**2 - 5*x. What are the prime factors of f(l)?
2
Let i = -39 + 21. Let s = i + -3. Let h = 23 - s. List the prime factors of h.
2, 11
Suppose -6*m + 3*a = -3*m - 1125, -m + 5*a + 359 = 0. List the prime factors of m.
379
Suppose 5 - 23 = 9*b. List the prime factors of 85 - (-15)/(-10)*b.
2, 11
Let p(z) = -z**2 + z. Let c(s) = s**3 + 5*s**2 - 6*s + 179. Let x(a) = c(a) + 6*p(a). What are the prime factors of x(0)?
179
Let c = 420 - -584. What are the prime factors of c?
2, 251
Let o(w) be the first derivative of 8*w**3/3 - 2*w**2 + 3*w - 21. What are the prime factors of o(4)?
5, 23
Let w(z) = z + 19. Let k be w(-3). Let d be 2/(-9) + 94/18. Let p = k - d. List the prime factors of p.
11
Let l(w) = 2*w**3 + 2*w - 4*w**2 - 4 - 2*w**2 - w**3 - w. What are the prime factors of l(7)?
2, 13
Suppose 4*u = -j + 75 + 337, 494 = 5*u - 4*j. What are the prime factors of u?
2, 3, 17
Let c(w) be the first derivative of w**3/3 + 15*w**2 + 21*w + 15. List the prime factors of c(-33).
2, 3, 5
Suppose -k + 2*r - 35 = 0, 4*k - 3*r + 115 = -0*r. Let u be 2/10 + (-745)/k. Suppose -t + 0*t + 4*o = -u, -4*t - 5*o = -162. List the prime factors of t.
2, 19
List the prime factors of 1027731/348 + (6/8)/(-3).
2953
Let h = -48 - -62. Let b = h - 10. What are the prime factors of b?
2
Let i(b) = -8*b - 3. Let y be i(-2). Let r(j) = j**3 - 5*j**2 - 7*j + 2. Let d be r(6). Let k = y + d. List the prime factors of k.
3
Suppose 11*c + 2*v = 10*c + 170, 0 = -2*c - v + 340. What are the prime factors of c?
2, 5, 17
Suppose 0 - 5 = -z. Suppose -s + 2*s = -w + 5, -z*w - 2*s + 19 = 0. Suppose -3*b - 5*c + 8 = 0, -8*c = 2*b - w*c + 3. What are the prime factors of b?
11
Suppose -4*z = -1 - 19. Let s = z - 0. Suppose -2*n = -4*u - 26, s*n - 3*u - 105 = -u. What are the prime factors of n?
23
Let t = 12 + -9. Let n be -1*(t/3 - 0). Let p = 22 + n. What are the prime factors of p?
3, 7
Let k(c) = 9*c**2 + 24*c - 1. List the prime factors of k(-7).
2, 17
Suppose c - 13 - 6 = -3*x, 3*x = 3*c + 3. Suppose -5*v + 32 = -c*v. List the prime factors of v.
2
Let h(z) = -z**3 + 12*z**2 - 5*z + 15. Let n be (9 + (-4)/(-4))*-1. Let c be (-1 + n)*(-17 - -16). List the prime factors of h(c).
3
Let l = 36 - 26. Suppose -3*c + 2*c + 18 = -4*v, 3*c = -4*v - l. Suppose 0 = -c*f - 2*s + 24 + 38, -s = -5*f + 143. List the prime factors of f.
29
Let f be 8/4*(-7)/(-2). Let o(s) = -3 + 0*s - 5*s + 2*s**2 + f*s + 8*s. What are the prime factors of o(-7)?
5
Suppose -108 = 2*t + 2*a, 3*a - 61 + 164 = -2*t. Let v = t - -10. Let m = 106 + v. What are the prime factors of m?
3, 19
Suppose 0 = 5*w - 5*n + 660, 4*w - 3*w = 2*n - 135. Let q = 217 + w. What are the prime factors of q?
2, 11
Let h be 85/20 + -4 - (-237)/(-4). Let b = h - -207. What are the prime factors of b?
2, 37
What are the prime factors of (-5)/(-70) + 102817/182?
5, 113
Let x = -2735 - -4696. What are the prime factors of x?
37, 53
Suppose 0 = -0*n - 3*n - 9. List the prime factors of ((-1)/(-2))/(n/(-534)).
89
Suppose -5*g - 2*g - 126 = 0. What are the prime factors of g*(-35)/10 + -3?
2, 3, 5
Suppose 8*z - 4*z = 5*z. List the prime factors of -2 - (-100 + z/(-2)).
2, 7
Let q(d) = 4*d**2 - 6*d - 6. Suppose a + 3 = 4, -r + 3 = -3*a. Let o be q(r). Suppose 4*t - 10 = o. What are the prime factors of t?
2, 7
Let j(h) = 48*h - 342. List the prime factors of j(41).
2, 3, 271
Suppose 6*s - 162 = 3*s. Suppose p = 4*p - s. List the prime factors of 28/5*45/p.
2, 7
Let y be (12/(-7))/((-10)/35 + 0). What are the prime factors of y/(-14) + 4345/77?
2, 7
Let a = -42 + 56. Suppose 10*q = a*q - 364. What are the prime factors of q?
7, 13
Suppose -82*k - 800 = -84*k. List the prime factors of k.
2, 5
Let s(p) = 6*p + 2*p**2 - 6*p + 2. Let b(o) = -2*o**2 - 1. Let k(d) = 2*b(d) + 3*s(d). List the prime factors of k(5).
2, 3
Suppose c = 5*q + 3167, 4*q - 6264 = -17*c + 15*c. List the prime factors of c.
2, 1571
Suppose 0 = -3*d + 31 + 2. Let v(i) = -i**2 + 16*i + 1. List the prime factors of v(d).
2, 7
Suppose 3*l = -2*r + l + 556, -4*l - 1096 = -4*r. List the prime factors of r.
2, 3, 23
Let k = 14 + -10. Suppose -k = 3*m + m. What are the prime factors of (1 - -26)*(m - -2)?
3
Let b = 16 + -12. Suppose -421 = -b*g - 7*c + 2*c, -2*c + 539 = 5*g. List the prime factors of g.
109
Suppose 26*c - 4524 = 14*c. What are the prime factors of c?
13, 29
List the prime factors of (3 - -75)/((-39)/45 + 1).
3, 5, 13
List the prime factors of -8 - 9/(-36)*628.
149
Suppose -t + 4 = f, 3*f + 4 = -t + 14. What are the prime factors of 30/4*(1 - (t + -4))?
2, 3, 5
Let y(s) = -s**3 - 75*s**2 + 106*s - 56. List the prime factors of y(-77).
2, 5, 7, 13
Let u be ((-1925)/(-10))/5 + 3/2. Suppose 378 = 43*v - u*v. What are the prime factors of v?
2, 3, 7
Let d(u) = -u**2 + 9*u + 12. Let i be d(10). Let n be i/3*(2 + 4). Suppose -n = -m + 8. What are the prime factors of m?
2, 3
Let n = 12 - 52. Let x be (58/(-10))/(8/n). Suppose 0*b - 118 = -2*q - 5*b, x = q - 5*b. What are the prime factors of q?
7
Let i(d) = d**2 + 16*d - 6. Let g be i(-16). What are the prime factors of (-104)/g - 2/6?
17
Let w be (-30)/(42/7)*-5*1. Suppose -4 = -2*h - 0. Suppose w = h*c - c. List the prime factors of c.
5
Let a be ((-20)/(-7))/((-8)/(-28)). Let k be (2/(-4))/((-3)/(-60)). List the prime factors of 138/a + (-2)/k.
2, 7
Suppose -13 = a - 5*m, m + 55 = 5*a + 6*m. What are the prime factors of (a/2)/(3/12)?
2, 7
Let o be (2/1)/((-28)/(-490)). Suppose -5*r - o = -3*m - 0*r, -3*m = -4*r - 31. List the prime factors of m.
5
Suppose 73*k + 110629 = 428325. What are the prime factors of k?
2, 17
Let z(d) = -d**3 + 10*d**2 - 14*d + 10. Let c be z(9). Let h = 49 + c. What are the prime factors of h?
2, 7
What are the prime factors of 110/1595 + (-10351)/(-29)?
3, 7, 17
Suppose 0 = -2*y - 2*y. Let b = y + 4. What are the prime factors of b?
2
Let m(r) = r**3 + 12*r**2 + r - 17. Suppose -3 = -7*w - 59. List the prime factors of m(w).
3, 7, 11
Suppose -28*d + 18688 = -13428. List the prime factors of d.
31, 37
Let f be 1/(-3) - 1576/(-12). Let c(s) = s. Let i be c(3). Suppose -3*d + 152 = 5*o, -4*d = i*o - f + 31. What are the prime factors of o?
2, 7
Let g = 31 + -19. Let v be (-1)/2 + 6/g. Suppose v = -3*m + 5*m - 42. List the prime factors of m.
3, 7
Suppose 0 = 5*n - 426 + 171. Let l = n + -30. List the prime factors of l.
3, 7
Suppose -4*o + 5*z = -264, -4*o + 1 = 3*z - 231. Suppose -17 = -3*s + 4*r, -21 = 5*s + 5*r - o. Suppose -66 = 4*l - s*l. List the prime factors of l.
2, 11
Let n = -9 - -16. Let b(y) be the third derivative of 7*y**4/24 - 17*y**3/6 + 2*y**2. What are the prime factors of b(n)?
2
Let c(q) = -5*q**3 - q**2 - 2*q. Suppose -w = -2*f + 1 - 2, 0 = 3*f + 4*w + 7. Let l be c(f). Suppose -36 = -2*m + l. What are the prime factors of m?
3, 7
Let j be ((-34)/(-6))/(9/(-81)). Let m be ((-13)/39)/((-1)/j). Let q = 29 + m. List the prime factors of q.
2, 3
Let h(r) = -r**3 - 4*r**2 + 3*r - 6. Let x be h(-5). Let y(b) = b**3 + b**2 - b + 20. Let k be y(0). List the prime factors of ((-30)/x)/((-10)/k).
3, 5
Let p(o) be the third derivative of -5*o**4/4 + 7*o**3/3 - 29*o**2. List the prime factors of p(-4).
2, 67
Let j(c) = -6*c + 28. Let i be j(4). Suppose -3*r + 202 = 5*s, -s + 121 = i*r - 171. List the prime factors of r.
2, 37
Let a be -2*(-1 - -7) + 0. Let i(v) = -v + 2. Let k(u) = -u**2 - 9*u - 28. Let q(w) = 5*i(w) + k(w). What are the prime factors of q(a)?
2, 3
List the prime factors of (12 - 13)*(-1424 - -1).
1423
Let q(w) = w**2 + 4*w - 11. List the prime factors of q(-16).
181
Let w(z) = -z - 19. Let q be w(-24). Suppose 11*g - 336 = q*g. List the prime factors of g.
2, 7
What are the prime factors of 14330/(-15)*(-19 + 16)?
2, 1433
Let m be (-1*6)/(-2) + 35. Let y = 17 + m. What are the prime factors of y?
5, 11
Let l = 2768 + -1949. List the prime factors of l.
3, 7, 13
Let r(i) = 95*i**2 + 3*i - 2. Let g be r(1). Suppose 0 = -j - 2*j + g. What are the prime factors of ((-30)/(-8))/(3/j)?
2, 5
Let l be (6 + -9)*22/6. Let z = l + -7. Let x = z - -30. List the prime factors of x.
2, 3
Let d(o) = -o**3 + 19*o**2 - 4*o + 26. What are the prime factors of d(18)?
2, 139
Let j = 2445 - 1767. List the prime factors of j.
2, 3, 113
Suppose l - 20 = 3*j, 3*l - 14 - 46 = 